 + c**2 - 1/2*c**3 + t. What is h(4)?
6
Let a(s) = 7*s - 8. Let u(l) = 8*l - 9. Let w(i) = -5*a(i) + 4*u(i). Determine w(4).
-8
Let h(l) be the first derivative of 1/2*l**2 + 1 + 3*l. Suppose 0 = 3*g - 15, -2*z - 2*z + 4 = 4*g. What is h(z)?
-1
Let k(c) = -3*c + 4. Let n(d) = -2*d + 2. Let i(h) = 4*k(h) - 7*n(h). Determine i(2).
6
Let u(d) be the first derivative of 5*d**4/4 - d**2 + d - 1. Let l be (1 - 1 - 0) + 1. Give u(l).
4
Let m(u) be the second derivative of u**6/720 + u**5/60 + u**4/4 - 2*u. Let a(w) be the third derivative of m(w). Calculate a(4).
6
Let f be (-6)/1 - (7 - 9). Let b(t) = -3*t - 3. Calculate b(f).
9
Let f be (-41)/(-5) + (-16)/80. Suppose -f*q = -5*q. Let k(a) = 2 + 0*a - 10 - a. Determine k(q).
-8
Let s(u) = -13*u**2 + u**3 + 3*u + 5 - 4*u**2 + 11*u**2. Calculate s(5).
-5
Let o(c) = -c**3 - 4*c**2 + 4. Let z be (12/21)/((-2)/(-7)). Let r(n) = n - z*n + 0*n. Let k be r(3). Give o(k).
-5
Let h(p) = -3*p - 4 + 3*p**2 - 2*p**2 - 3*p. Let k(u) = -u + 5. Let i be k(2). Calculate h(i).
-13
Let d(y) = 12*y**2 - y. Let k be (2/8*-4)/(-1). What is d(k)?
11
Suppose -2*u + 9 = -5*u. Let n(i) be the first derivative of 4 + 3/2*i**2 + 1/4*i**4 + 2*i + i**3. What is n(u)?
-7
Suppose -4*t + 21 = -7. Let n(q) = q**3 - 6*q**2 - 8*q + 8. What is n(t)?
1
Let q be 40/(-6)*9/6. Let f = -4 - q. Let y(v) = v**2 - 5*v - 6. Calculate y(f).
0
Let o(z) = -3*z + 2 + z + 8 + 3*z. Give o(-9).
1
Let k(z) = z**2 - 7*z + 5. Let q(b) = -7*b + 11. Let h be q(1). Calculate k(h).
-7
Let c(z) = z + 1 - 5*z + z**2 - 5 + 1. Determine c(4).
-3
Let u(a) = -17 + 33 - 8*a - 19. Let j(g) = -8*g - 3. Let h(v) = -5*j(v) + 6*u(v). Determine h(-2).
13
Let a(n) = n**2 + 4 - 2 - 7 - 8*n + 9*n. Suppose 3*k + 20 = -2*k. Determine a(k).
7
Let r(o) = -o**3 - 4*o**2 + 3*o - 5. Let a be 0 - 0 - (-8 + 13). Let t be r(a). Let h(i) = i**3 - 4*i**2 - 4*i - 1. Determine h(t).
4
Let l(v) = v + 0*v - 2 + 0*v - 2*v. Suppose 0 = -4*n - 4*j - 4, 4*n + 13 + 9 = 2*j. What is l(n)?
2
Let z(r) = -5 - 8 + 13 + 3*r. Calculate z(-1).
-3
Let b(s) be the second derivative of s**4/12 + 11*s**3/6 + 7*s**2 - 38*s. Determine b(-10).
4
Let s be (-2)/(-2 - -1)*-2. Let u(g) = -6*g - 39*g**2 - 4 + 0*g + 21*g**2 + 17*g**2. Calculate u(s).
4
Let b = 7 + -4. Let n(d) = 1 - b*d + 2*d - 3. Give n(3).
-5
Let s(q) be the first derivative of q**3/6 - 9*q + 5. Let f(z) be the first derivative of s(z). What is f(4)?
4
Let v(u) = -u**2 + 5*u - 1. Suppose 4*j + 25 = -j, 3*g + 1 = -5*j. Let t = -4 + g. Calculate v(t).
3
Suppose -4*l = -2*l - 6. Let f(s) be the third derivative of s**6/120 - s**5/20 - s**4/12 + s**3/2 - 6*s**2. Calculate f(l).
-3
Let q(c) be the third derivative of -c**6/120 - c**5/15 - c**4/12 - c**3/6 + 8*c**2 - 1. Suppose 0 = -m - 5 + 1. Calculate q(m).
7
Suppose -5*v + 130 = -10*v. Let g = v - -27. Let d(f) = -3*f**2. Determine d(g).
-3
Suppose 0 = 4*q + 4*c - 8, -q - c = 3*c + 1. Let s(z) = -4 + 3*z + q + z**2 - z**3 + z. Give s(3).
-7
Let p(d) = -2*d + 4. Suppose -u - 6*u = -7. Let y be (8 - 7)/(u/(-3)). What is p(y)?
10
Let c(k) = -k**3 - 5*k**2 - 1. Let f be c(-5). Let a(x) = x**2 + 5*x - 3. Let d(n) = 1. Let o(l) = f*a(l) + 4*d(l). What is o(-6)?
1
Let r(o) = 2*o**2 - 5*o - 4. Let m(x) = -x**3 + 19*x**2 - 33*x - 13. Let n be m(17). What is r(n)?
8
Suppose 0 = 5*m - 5, -3*m = -2*f - m - 14. Let a(y) = -y**2 - 6*y + 6. What is a(f)?
6
Let y be 1/(1 - 9/12). Let f(r) = -y + 4*r + 2 + 1. Suppose d = 3*d - 4. Determine f(d).
7
Let g(r) = r**3 + 4*r**2 - r + 1. Let k be g(-4). Let f(o) be the third derivative of o**5/60 - 5*o**4/24 + 5*o**3/6 + o**2. Calculate f(k).
5
Suppose 12 = 5*f - 2*f. Let s(r) = -5*r - 1. Let u be s(1). Let l(d) = -d**3 + 4*d**2 - 2*d + 7. Let c(b) = 1. Let a(x) = u*c(x) + l(x). Give a(f).
-7
Suppose 3 = 3*x, 5*m + 2*x - 3*x = 39. Let c = m - 6. Let o(y) = 3*y + 1. Give o(c).
7
Let o(u) = -u**3 + 37 - 6*u**2 + 8*u + 0*u - 40. Determine o(-7).
-10
Let n(j) = 0*j - 1 - 2 + j - 6*j**2 + 4. Determine n(-1).
-6
Let b(m) be the second derivative of m**4/12 - 4*m**3/3 - m**2/2 + 6*m. Give b(6).
-13
Let b = -8 - -6. Let s(y) = y. Let l(g) = 4*g. Let u(r) = -2*l(r) + 7*s(r). Determine u(b).
2
Let t = 5 + 7. Let r = 18 - t. Let d(c) = c**3 - 5*c**2 - 6*c - 7. What is d(r)?
-7
Let i(w) = -3*w - 3. Let j(u) = -u - 1. Let a(p) = i(p) - 4*j(p). Give a(0).
1
Let j = 16 + -15. Suppose 0 = -2*t - 1 - j. Let r(o) = 3*o - 1. Determine r(t).
-4
Let y(l) be the second derivative of -l**3/3 + 5*l**2 - l - 5. Give y(10).
-10
Let y(t) = 3*t - 1. Suppose 32 = 5*q - 2*p, q - 16 = 2*p - 4*p. Let u = q - 10. Determine y(u).
-7
Let o(n) = -n + 1 + 4*n + n. Let p be -1 + -2 + (-8)/(-2). Let q be o(p). Let l(s) = s**3 - 6*s**2 + 4*s - 3. What is l(q)?
-8
Let z be ((-18)/15)/(6/(-20)). Let a(s) = 3 - 7 + 7*s**2 + z + s. Calculate a(1).
8
Let u(y) = -y**3 + y**2 + y + 10. Let c be 0/(0 + 4/4). Let f be (-1 - c - -1)/(-2). Give u(f).
10
Let u = 17 + -10. Suppose -5 = -5*f + 5. Let v(k) = -k + u - 4 - f. Give v(2).
-1
Let q = 6 - 24. Let w be (-2)/6 - 55/(-3). Let v be w/(-4)*24/q. Let k(l) = -l**2 + 5*l + 8. Give k(v).
2
Let j = -29 - -24. Let z(l) = l**3 + 6*l**2 + 4*l - 3. Determine z(j).
2
Let o(w) be the third derivative of 0 + 7*w**2 + 1/60*w**5 + 1/24*w**4 + 0*w + 1/6*w**3 + 11/120*w**6. Calculate o(-1).
-10
Let k(v) = 5*v**3 + 3*v**2 + 2*v. Let u(f) = 9*f**3 + 7*f**2 + 5*f. Let n be -1 - (2 - 0 - -1). Let q(j) = n*u(j) + 7*k(j). Determine q(-6).
0
Let l(v) = -1 + 6*v**3 - 7*v**3 + 5 + v**2. What is l(0)?
4
Suppose -3*w + 4 = -2. Let q(n) = -n**2 + 17*n - 16*n + 2 + w. Let h(l) = 3*l - 3. Let a be h(2). Give q(a).
-2
Let l(d) be the third derivative of -d**7/2520 + d**6/144 + d**5/60 - d**4/8 - 2*d**2. Let i(f) be the second derivative of l(f). Determine i(5).
2
Let d = 0 - -3. Suppose 7*b - 2*b - 7 = -d*c, 2*c = -2*b + 2. Let t(w) = 2*w**2 - 3*w**b + 6 - 2 + 2*w. Determine t(3).
1
Suppose -c - c = -8. Let f(y) be the first derivative of 1/3*y**3 - 2*y - 5/2*y**2 + 1. Determine f(c).
-6
Suppose -l - 2*l - 33 = 4*p, -4*l = 3*p + 23. Let a(f) = -f**2 - 9*f - 6. Calculate a(p).
-6
Let w(r) = r + 3. Let y be w(-8). Let n(a) be the first derivative of -a**3/3 - 3*a**2/2 + 7*a + 1. Determine n(y).
-3
Let h be ((-18)/(-15))/((-6)/(-40)). Suppose -5*j + h = -2. Let k(d) = -d**3 + 3*d**2 - 3*d + 3. Determine k(j).
1
Let o(h) = -h**3 - h**2 + 3*h + 2. Let i(f) = -6*f - 1. Suppose 3*a = 2*j + 7, j + 3*j = -4*a + 16. Let x be i(j). Let q = 5 + x. Calculate o(q).
0
Suppose 4*m = 3*q + 12 + 1, -5*m + 25 = 5*q. Let p(h) be the second derivative of h + 0 - 1/12*h**m - 1/6*h**3 - h**2. Calculate p(-3).
-8
Let q(m) = m**3 + 5*m**2 + 6*m + 2. Let u(c) = -2*c. Let f be u(-1). Suppose 5*x + 14 = 2*g, 5*g - 1 = f*x + 2*x. Calculate q(x).
-6
Let a(l) = -l**3 - 9*l**2 - 3*l - 11. Let v(u) = u**3 + 9*u**2 + 2*u + 12. Let h(m) = -7*a(m) - 6*v(m). Give h(-8).
-3
Suppose 3*y - 5*m = 9, 0 = 5*y - 4*m - 4 - 11. Let s(p) be the second derivative of 3*p - 1/12*p**4 + 0 - 3/2*p**2 + p**y. Calculate s(5).
2
Let j(w) = 3*w**3 - 5*w**2 + w + 8. Let b(s) = 13*s**3 - 20*s**2 + 3*s + 34. Let p(i) = -2*b(i) + 9*j(i). Let a = 6 - 2. Determine p(a).
0
Let q(r) be the second derivative of r**3/2 - 3*r**2/2 - r. Suppose -8 = -i - 0. Suppose 4*u = 5*m - 7, -u = 2*m - 0 - i. Calculate q(m).
6
Let f(c) be the second derivative of 5*c**4/6 - c**2/2 + 71*c. What is f(1)?
9
Let j be 2/8 - 15/(-4). Suppose -2*u + 8 = -v + 2*v, j*u = -5*v + 28. Let w(r) = -2*r**3 + 3*r**2 - 1. Determine w(u).
-5
Let g be 20/(-30) - (-4)/(-12). Let f(j) = 3*j**3 + 2*j + j**2 - j + j**3. Determine f(g).
-4
Let d(y) be the first derivative of y**6/120 + y**4/24 - y**3/2 - 3*y**2/2 + 4. Let m(w) be the second derivative of d(w). Suppose 0 = -z + 4*z. Calculate m(z).
-3
Let l(q) = 10*q + 9*q - 1 + 12*q - 30*q. What is l(-6)?
-7
Let d(h) = h**2 - 2*h - 2. Let k be d(3). Let z be 3 - k - 2/1. Let l(p) = p**2 - p - 5. Give l(z).
-5
Let l(y) = -y**3 - 7*y**2 - 6*y + 6. Let c be 1 - (-3 - (-30)/3). Let t be l(c). Let v(k) = 7*k**3 - t*k + 5*k + 0*k. What is v(1)?
6
Let l(f) = 2*f + 1. Let d(q) = -q**3 + 6*q**2 + 3*q - 9. Let w be d(6). Let y be (w/(-12))/((-1)/12). Let t be (-4)/2 + (y - 8). Determine l(t).
-1
Let t(s) = 9*s**2 + 3. Let p(h) = 1. Let k(n) = 4*p(n) - t(n). 